/12 - 5*h**3/6 - h**2 - 3*h. Let w be 4 + (3 - 4)/(-1). Give t(w).
-2
Let m(j) = -j + 16. Let o(l) = -1. Let r(v) = m(v) + 5*o(v). Give r(6).
5
Let l(q) = q**2 + 9*q + 8. Suppose 3*s = -4*i - 7, s - 4*i - 1 = -6*i. What is l(s)?
8
Let g(z) = z. Let k = 41 + -41. Calculate g(k).
0
Let z(u) be the first derivative of u**4/4 - 5*u**3/3 - 4*u**2 + 3*u - 4. Calculate z(6).
-9
Let b(a) = a + 2. Let g be 2/(6/3) - -2. Suppose -y = g*y + 20. Give b(y).
-3
Let g(a) = 2*a. Suppose -2*d + 6 = 2*f, 0 = -f + 2*d + 3*d + 33. Determine g(f).
16
Let z(b) = -17*b**2 + 5*b - 20. Let j(h) = 6*h**2 - 2*h + 7. Let k(q) = -11*j(q) - 4*z(q). What is k(-2)?
7
Let m(o) = -10 - 1 + 18 - 2*o**2 - 5 + o. Calculate m(-2).
-8
Suppose 0*m = -5*m. Suppose -3*k + 4 + 2 = m. Let r(l) = 8*l**2 + 6*l + 17. Let c(i) = -3*i**2 - 2*i - 6. Let b(j) = -17*c(j) - 6*r(j). Give b(k).
8
Suppose -3*c = 3*b - 12, -2*c = -c + 3*b - 8. Let i(l) = -9*l + 1. Let z(g) = 14*g - 1. Let n(v) = -7*i(v) - 5*z(v). Determine n(c).
-16
Let p(i) be the third derivative of -i**4/24 - 17*i**3/6 - 12*i**2. What is p(-8)?
-9
Suppose 20 = 2*q + 16. Let m(s) = 6*s**2 + 2*s + 5. Let j(r) = r**2 + r + 1. Let c(y) = -4*j(y) + m(y). What is c(q)?
5
Let h(g) = g + 1. Let z be h(4). Suppose z*n - 7 = -22. Let l(y) = y**2 + 8 - 7 - 4*y**2 + 2*y**2. Determine l(n).
-8
Let x(u) = -u - 3. Let m be x(-9). Suppose 0 = f - 4 - m. Suppose c - f = -2*v, 2*c = 2*v + 1 + 1. Let j(p) = -p**2 + 3*p - 1. Calculate j(c).
-5
Let k(f) = f**3 - f**2 - f. Let r(c) = 2*c. Let z(b) = -b - 5. Suppose 4*m - 2*m = -5*o - 28, 26 = -4*o + 2*m. Let w be z(o). Let j be r(w). What is k(j)?
2
Let x(l) = 5*l - 30. Let w be x(7). Let q(a) = a - 4. Determine q(w).
1
Let g(p) be the second derivative of p**3/3 - p**2/2 + p. Let y be g(1). Let u(q) = 1 - q**2 - 5*q + 0*q**2 + y. Give u(-5).
2
Suppose -3*x + 2*s - 4*s + 11 = 0, -4*x = -5*s - 53. Let r(v) = v - 5. Let g be r(x). Let q(d) = -d**2 - 9*d - g + 9*d. Calculate q(0).
-2
Let p(q) = 2*q + 9. Suppose 0 = -4*u - 0*u - 4*g - 40, -u + g - 10 = 0. Let y = 4 + u. What is p(y)?
-3
Let t(c) be the first derivative of c**4/4 + 2*c**3/3 - 3*c**2/2 + 4*c + 12. Determine t(-3).
4
Suppose 4*z = 16, -5 = -o - z - 3. Let u be (-2)/(-3) - (-10)/(-15). Let p(i) = -i**2 + 0 + u. Give p(o).
-4
Let z(l) = l**2 + 5*l - 4. Suppose 0*u - 30 = 3*u - 5*t, u + 10 = -t. Suppose 5*y - 1 + 26 = 0. Let o = u - y. What is z(o)?
-4
Let w(d) = -6*d**3 - 5*d**2 + 2*d. Let y(n) = 13*n**3 + 11*n**2 - 5*n. Let x(m) = 9*w(m) + 4*y(m). Give x(2).
-24
Let m(o) = o**2 - o + 9. Let f(r) = -1 - 7 + 0 - r**2. Let l(q) = -5*f(q) - 4*m(q). Calculate l(-3).
1
Let p(x) = 3*x**2 - 4*x**2 - x - 3 - x**3 - 3*x. Give p(-2).
9
Let u(o) = o + 8. Let p(r) = -r**2 - 5*r + 7. Let h be p(-6). Suppose 4*z = -5*k + 59, z - 5*k + 2 = -2. Suppose z - h = -2*f. Determine u(f).
3
Suppose 10*n + 10 = -5*r + 5*n, -5*r + 25 = -2*n. Suppose -r*x - 2 = 1. Let g(o) = -5*o. Give g(x).
5
Let f be 2/(-8)*-2*0. Let v(j) = -j - 3. Let c be v(-5). Let d(z) = 2 + c - 3 + 3 + z. What is d(f)?
4
Let u be 8/6*6/4. Let c(v) = -5 + 5*v + v**2 - 2*v**2 + v**3 + 8*v**u. What is c(-6)?
1
Let k(i) be the second derivative of i**4/12 + 3*i**2/2 + 3*i. Determine k(3).
12
Let z(r) be the second derivative of r**4/12 - 3*r**3/2 + 5*r**2 - 26*r. What is z(7)?
-4
Let w(g) = g**2 + 7*g - 2. Suppose 0 = 4*n - 2*i - 2*i + 4, -21 = n + 3*i. Determine w(n).
-8
Let l(z) = -z - 1. Suppose 14 + 6 = 4*i, 5*i - 20 = -5*m. Let n(v) = 2*v**2 - 6*v - 7. Let w(j) = m*n(j) + 6*l(j). Give w(2).
-7
Let k be (-2)/(-8) + 4/(-24). Let f(u) be the second derivative of k*u**4 - 2*u - 1/3*u**3 + 0 - 1/2*u**2. Give f(3).
2
Let w(r) = -r - 3. Suppose -2*m + 0*b + 28 = 4*b, 2*b - 10 = 0. Let a be m + 2 + (1 - 2). Determine w(a).
-8
Let o(x) = 5 - x - 2 - 2*x - 5. What is o(-3)?
7
Let u(c) = -3*c**2 + 2*c - 4. Let f(h) = -h**2. Let l(j) = 4*f(j) - u(j). Calculate l(-4).
-4
Suppose 2 + 3 = -5*z. Let h(j) = -j**2 - j. Let t(l) be the first derivative of -3*l**4/2 + l**2 + l - 3. Let k(r) = z*h(r) - t(r). Calculate k(-1).
-5
Let u(w) = -w**2 - 6*w + 5. Let l be u(-6). Let m(h) = -h**2 - 11*h + 5. Let a be m(-11). Let y(g) = -a + g**2 - 7 - 2*g**2 + 8*g + 5. What is y(l)?
8
Let k(m) be the third derivative of 0 + 1/12*m**4 - 1/3*m**3 + 0*m - 6*m**2 - 1/60*m**5. Determine k(3).
-5
Let j = 2 + -1. Let s be (-7)/(j/(-1)) + -2. Let y(g) = -g**2 + 3*g + 6. Determine y(s).
-4
Suppose 0 = -3*t + 6*m - m + 17, -3*m - 3 = 0. Let o be (6/(-9))/((-2)/15). Let i(d) = -7 - o + d + 9. Give i(t).
1
Let l(w) = w**2 - 4*w - 3. Let d be l(5). Let o(y) = 3*y - y**2 + 6*y**d + y**3 + y**2 + 0*y**3 - 4. What is o(-5)?
6
Suppose -3*d + 21 = -0*g + 2*g, -d = 4*g - 27. Let u(q) = q**2 - 7*q + 1. Calculate u(g).
-5
Let b(g) = 5*g**2 + 6*g + 1. Let i(z) = 4*z**2 + 6*z + 1. Let m(p) = -5*b(p) + 6*i(p). Determine m(7).
-6
Let u(m) be the second derivative of -m**3/6 - m**2 + 2*m. Let g be u(-2). Let o(a) = 9 + 2*a**2 - 6*a**2 + a + 3*a**2. Calculate o(g).
9
Let c(x) = 4*x - 12. Let p be c(4). Let j(y) = -y**3 - 1 + 5*y**2 - 4*y - 2 + 0*y. What is j(p)?
-3
Let x(w) = 12*w**3 - 3*w. Let r(h) = -59*h**3 + 16*h. Let d(s) = 2*r(s) + 11*x(s). Determine d(1).
13
Let a be (2 - -1 - 0)*1. Let n(u) = 2 - 5*u**2 - 2*u**3 + 0*u + u**a - 3*u. Suppose -5 = -2*b + 5*y - 13, 4*y = 0. Calculate n(b).
-2
Suppose -9*j = -5*j - 32. Let h(i) = -i + 13. Let w be h(j). Let u(g) = -g**3 + 4*g**2 + 3*g + 6. Give u(w).
-4
Let v = 17 + -21. Let x(g) be the second derivative of -g**5/20 - g**4/3 - g**3/3 - 2*g**2 - g. What is x(v)?
4
Let o(q) = 4*q**2. Let s(j) = -2*j + 13. Let i be s(7). Calculate o(i).
4
Let i(z) = 2*z - 6. Suppose 5*p - 18 - 12 = 0. Calculate i(p).
6
Let a(h) = h**2 - 8*h + 6. Let d(p) = 5*p**2 - 40*p + 30. Let i(k) = -11*a(k) + 2*d(k). Determine i(5).
9
Let n(r) be the second derivative of 5/6*r**3 - r**2 + 1/20*r**5 + 0 + 2*r - 1/3*r**4. Let u = 10 - 7. Calculate n(u).
4
Let q = 21 - 21. Let x(v) = v**3 - v**2. Determine x(q).
0
Suppose 2*t = 7*t + 25. Let o = 8 + t. Let p(u) = 2*u**2 - 5*u + 3. Calculate p(o).
6
Let b(c) = -3*c. Let z(g) = 4*g - 1. Let f(t) = -3*b(t) - 2*z(t). Let u be -18*1/(-2) - 0. Let a be (-6)/27 + 2/u. What is f(a)?
2
Let g(o) = -o**3 - 4*o**2 - 5. Let n(f) = -3*f - 3. Let k be n(-2). Suppose -k*v - 3*a - 27 = 0, -3*v + a + 8 = -3*a. What is g(v)?
-5
Suppose -28 = -4*s - 32. Let x(o) = 3*o**2 - 5*o**2 + o**2. Determine x(s).
-1
Let l(h) = -56*h + 116*h + 4 - 59*h. Give l(-6).
-2
Let p(f) = -9*f - 6 - 2*f**2 + 0*f + 2*f. Give p(-4).
-10
Suppose 6*r - 3 = -51. Let h(f) = -2*f - 11. Calculate h(r).
5
Let l(p) be the first derivative of -1/2*p**2 + 1/6*p**3 - 2 - p. Let c(k) be the first derivative of l(k). Determine c(0).
-1
Suppose 2*g + 6*m - 19 = 3*m, -m = 2*g - 9. Let z(v) = g*v**2 - 3 + 2 - v**2 - 5*v + 2. Calculate z(6).
7
Suppose -5*q - 4 = -19. Let l(r) = -6*r - 3*r**2 + 0 + 4*r**2 - 2*r**2 - q. Let o be 12/(-2) - -1 - 0. Give l(o).
2
Let k be (-4)/14 - (-74)/14. Suppose c + 0*c - 2*s + 11 = 0, s = k. Let q(v) = -3*v**2 - 2*v - 1. Calculate q(c).
-2
Let m(g) be the second derivative of g**2 - 1/3*g**3 + 0 - 2*g - 1/3*g**4 + 1/20*g**5. Suppose 4*n + c - 15 = 0, 2*n - 2*c - 7 - 3 = 0. Determine m(n).
-6
Suppose -5*q + o = 20, -4*q + o - 11 = 6. Let y = 4 + q. Let v(i) = -i**2 - i**2 - y + 3*i**2. What is v(2)?
3
Let d(u) be the third derivative of -5/24*u**4 - 1/3*u**3 + 1/60*u**5 - 11*u**2 + 0 + 0*u. Let s(w) = -w**2 + 7*w - 6. Let b be s(4). Give d(b).
4
Suppose -5*q + 9 = -2*q. Let t(g) = 0*g - q*g**2 + g**3 - 2*g + 3 + g**2. Suppose 3 - 2 = 2*f - 3*n, 7 = f + 5*n. Give t(f).
-1
Suppose -5*v = c + 3, -4*v + 7*v + 11 = 4*c. Suppose 4*z + p - 6 = 0, 4*p - p = -3*z + 9. Let b(t) = t + z - 20*t**2 + 17*t**2 - 1. What is b(v)?
-4
Let r = -10 - -15. Let u = -2 + r. Let z(i) = -2*i**2 + 3*i + 3. Determine z(u).
-6
Let u = 115 + -106. Let k(c) = -c + 5. Determine k(u).
-4
Suppose 0 = -2*c - 2 + 6. Let k(m) = 0 - 5*m**2 + 1 - m - c*m + 4*m**2. Give k(-5).
-9
Suppose 4*s - 8 + 0 = 0. Let b(i) = i**2 + 2*i - 1. Give b(s).
7
Let a = 11 + -8. Let n = 4 - a. Let p(l) = -2 - 4*l + l - n. Give p(-4).
9
Let h(i) = -i**2 - i - 10. Suppose -s - 8 = 3*s. Let l be (3 + -3)/(-3 - s). Determine h(l).
-10
Let j(k) be the second derivat